 x = 32 - 30. Suppose 2*n = -i + 7 + 2, -x*i = -n - 3. Suppose -59 = -n*c + 31. List the prime factors of c.
2, 3, 5
Let c(d) = 2*d - 7. Let p be c(5). Suppose 5*j - 16 = 9. Suppose 5*x + j*n - 340 = 0, -5*n = -p*x + 6*x - 214. What are the prime factors of x?
3, 7
Let y(u) = 2*u + 0*u - 3*u + 13 + 19. Suppose -25*b = -27*b. What are the prime factors of y(b)?
2
Let l(p) be the first derivative of p**4/4 - 6*p**3 + 3*p**2 + 34*p - 14. List the prime factors of l(18).
2, 71
Let d(j) = -9*j + 33. Let x be d(3). Suppose x*n + 348 = 8*n. What are the prime factors of n?
2, 3, 29
Let m(l) = 61*l**2 + 21*l + 19. List the prime factors of m(7).
5, 631
Let d be 19 - 9 - (0 + 2). What are the prime factors of (186*4/d)/1?
3, 31
Let x be (0 - 4)*60/(-48). Let p be (1 - x - 0) + 9. Let a = 11 - p. What are the prime factors of a?
2, 3
Suppose 11*x - 270 = 6*x. Suppose 3*i + 4*h - 41 = 20, -2*i + 4*h = -x. What are the prime factors of i?
23
Let b be (-254)/(-10) + 9/15. Let f be 4/(-26) - (-56)/b. Suppose 0 = 4*j - 3*k - 2, -k + 2 = f*j - 2*k. What are the prime factors of j?
2
Suppose 0 = 4*c - 9 - 7. Suppose 5*s - 223 = -4*t + 328, -5*t = c*s - 682. What are the prime factors of t?
2, 67
Suppose 0 = -4*f - 3*f - 21. What are the prime factors of 26 + f/3*3?
23
Let o = 4472 + 329. What are the prime factors of o?
4801
Let w be (10 - 14)*6/(-8). Suppose 0 = -w*k - 4*r + 31, -r + 14 = 2*k - 5*r. Suppose 3 = i - k. What are the prime factors of i?
2, 3
Suppose -3*a = 2*a. Suppose 0 = 5*y + 5*f - 1025, -2*y + a*y + 400 = 4*f. Suppose 0 = -5*o + j + y, 3*o - 108 = -j - 2*j. List the prime factors of o.
41
Suppose 0*b + b = 0. Suppose b*l = -3*l + 141. Let c = -15 + l. What are the prime factors of c?
2
Let g(x) = -x**3 + 4*x**2 + 6*x - 6. Let b be g(4). Let q be b/(-6)*(-4)/3. Suppose 3*t + 6*l - l + 3 = 0, 5*t - 8 = -q*l. List the prime factors of t.
2
Let n(u) = 81*u + 128. List the prime factors of n(11).
1019
Let n(q) = -q**3 + 8*q**2 - 7*q - 10. Let b be n(7). Let y be (-3)/9 + b/6. Let k(t) = 8*t**2 + 2*t - 2. List the prime factors of k(y).
2, 13
Suppose 8000 = -509*a + 519*a. List the prime factors of a.
2, 5
Let k = 3 + 3. Let m = 6 - k. Suppose 0 = 2*g - m*g - 36. List the prime factors of g.
2, 3
Let d = -118 + 124. Suppose -d*j + 315 = -531. What are the prime factors of j?
3, 47
What are the prime factors of (-2)/(-13) + (-32473)/(-91)?
3, 7, 17
Let k = 59 + 87. List the prime factors of k.
2, 73
Let y = -23 - -581. List the prime factors of y.
2, 3, 31
Suppose 0*l + 3*l - u - 229 = 0, -3*u = -4*l + 307. What are the prime factors of l?
2, 19
Let z(u) = -116*u - 1. Let p be z(3). Let x = -215 - p. What are the prime factors of x?
2, 67
Let f = -9 - -12. Suppose 0 = -f*u - 0 + 36. What are the prime factors of -11 + u - (-3)/1?
2
Suppose 0 = -l + 5*q + 21 + 49, -2*l + 135 = -5*q. Suppose -1 = n + 1, -3*z = 5*n - l. What are the prime factors of z?
5
Suppose w = -2, 18*i + 2*w = 23*i - 3729. List the prime factors of i.
5, 149
Let s(m) = -2*m - 4. Let f be s(-4). Let j be (20/35)/(f/14). Suppose 25 = 2*o - t, j*t = -2*o + 12 + 28. List the prime factors of o.
3, 5
Let f(i) = i + 21. Suppose 4*j = 2*j + 138. Suppose -l = -5*h - j, -5*h = -3*l + 83 - 16. What are the prime factors of f(h)?
7
Let b(d) = 8*d**2 - 2*d + 10. List the prime factors of b(6).
2, 11, 13
Let s(k) = k**2 - k + 8. Let q(g) = -g**3 - 8*g**2 + 7. Let b be q(-8). Let o be s(b). Suppose -2*z + 0*z = -o. What are the prime factors of z?
5
What are the prime factors of 485 - (-2)/(-5 + 3)?
2, 11
List the prime factors of 5/(-15) + (-3368)/(-6).
3, 11, 17
Let c(n) = -n + 18 - 2 + 49. What are the prime factors of c(0)?
5, 13
Suppose 0 = 16*f - 9124 - 28204. What are the prime factors of f?
2333
Let z = 58 + -34. Let w be 1/5 + (-828)/(-60). Let b = z + w. List the prime factors of b.
2, 19
Let v(n) be the second derivative of 0 + 1/12*n**4 - 3*n - n**3 + 13/2*n**2. List the prime factors of v(6).
13
Suppose 3923*u - 3919*u - 8348 = 0. What are the prime factors of u?
2087
Let h = -12 - -14. Suppose -h*j - 10 - 2 = 0. List the prime factors of 4/j*(-7 - -1).
2
Suppose -a = -3*s + 3, -4*a + 5*s - 2*s = 21. Let r = 0 - a. Let m = 19 + r. List the prime factors of m.
5
Let r(d) = d**3 + 11*d**2 + d + 11. Let i be r(-11). Let t be -1*3*(1 - i). List the prime factors of 50/t*(-9)/6.
5
Let m(j) = 3*j**2 - 27*j - 11. What are the prime factors of m(-8)?
397
Suppose 37*f = 65994 + 24286. List the prime factors of f.
2, 5, 61
Suppose 2*n - 6*n = -g + 154, 0 = 4*n - 3*g + 150. List the prime factors of -10*(n/9)/(8/12).
5, 13
Let y(b) be the second derivative of 7/3*b**3 - 13/12*b**4 - b - 5*b**2 + 0 + 1/20*b**5. What are the prime factors of y(12)?
2, 7
Suppose -5*i + 0*o - 3*o = -333, 5*i + o = 331. What are the prime factors of i?
2, 3, 11
Suppose 8*u = 9 - 25. What are the prime factors of 276/(u - -4) - 5?
7, 19
Suppose -56*h = -20*h - 133092. What are the prime factors of h?
3697
Let v be ((-40)/(-24))/(2/6). Suppose -1 - v = -x - p, -3*x + 4*p = -4. Suppose -2*b + 2*c = -66, x*b + 4*c + 47 = 211. What are the prime factors of b?
37
Suppose 2*j + 660 = 13*j. List the prime factors of j.
2, 3, 5
Suppose -3*i = -5*p - 39, -2*p + 0*i = i + 9. Suppose -3*x + 23 = -y, x + 3*x + 5*y - 56 = 0. Let h = x + p. What are the prime factors of h?
3
Let n(o) = -o**2 - 12*o - 17. Suppose 2*a + 9*k - 5*k + 2 = 0, 0 = -a + 5*k - 22. List the prime factors of n(a).
2, 3
Suppose 3341*h = 3345*h - 6912. List the prime factors of h.
2, 3
Let y(f) = f**3 + 7*f**2 - 2*f - 10. Let d be y(-7). Suppose 4*b - 4*q - 96 = 0, d*b + 2*q + 2*q = 128. List the prime factors of b.
2, 7
Let w(p) = -p**3 - 14*p**2 + 2*p + 66. List the prime factors of w(-16).
2, 3, 7, 13
What are the prime factors of (-4259)/(-11) - 12/66?
3, 43
Let y = -735 - -1388. List the prime factors of y.
653
Let w = -10 - -115. Let h = w + -74. List the prime factors of h.
31
Let t(o) = -o**2 + 13*o + 4. Let y be t(13). Suppose 0 = -4*m + y, 0 = 5*l - l - 5*m - 155. List the prime factors of l.
2, 5
Let j = 21 + -16. Suppose -5*a + 40 = j. Suppose a*i - 291 = -88. What are the prime factors of i?
29
Let v(y) = 2*y - 1. Suppose 3*i - 3*z = -21, -2*z + 23 = i - 6*i. Let r be v(i). List the prime factors of (-5 - r)*(6 + -2).
2
Let v(b) = 15*b**2 + 11*b - 3. Let y be v(8). Suppose -r = -5*o + y, 4*o + 0*o - 836 = 3*r. What are the prime factors of o?
11, 19
List the prime factors of 1/((-222396)/37068 - (-7 - -1)).
3089
Let d(q) = 64*q - 2. Let c be 0 + (-1 - 3)/4. Let i be d(c). List the prime factors of i/(-10)*(0 + 5).
3, 11
What are the prime factors of 91330/290 + 2/29?
3, 5, 7
Let m = 407 - 315. List the prime factors of m.
2, 23
Suppose 4*w + 2*t - 2230 = 0, 5*w = -3*t + 1644 + 1142. What are the prime factors of w?
13, 43
Let v = 220 + -122. Suppose y + 5*z = v, -y = 4*z - 5*z - 74. What are the prime factors of y?
2, 3, 13
Let n be 6/(-27) + 230/(-18). Let a(k) be the third derivative of -k**6/120 - 7*k**5/30 - 17*k**4/24 - 5*k**3/2 - 24*k**2. List the prime factors of a(n).
37
Let w = 45 - 44. What are the prime factors of 3*59*w/3?
59
Let w(k) = -k**3 + 6*k**2 - 7*k + 4. Let d be w(4). Let o(g) = d*g**3 - 3*g**2 + 3*g**2 + g**2 + 19*g**3 - 1 + g. List the prime factors of o(1).
2, 7
Let h = -1 - -3. Suppose 4*u - 489 + 177 = -5*c, -5*c + 306 = h*u. List the prime factors of c.
2, 3, 5
Suppose -6*x - 14 = -32. List the prime factors of x*-15*(-51)/9.
3, 5, 17
Let c(o) = o**2 + 31*o - 83. List the prime factors of c(34).
3, 709
Suppose 2*f - 838 = -2*l, 5*l = 4*l + f + 411. What are the prime factors of l?
5, 83
What are the prime factors of (1220 - 3) + (-16 - -8)?
3, 13, 31
Suppose -546 = -r - 2*h, -5*h + 477 = 4*r - 1710. List the prime factors of r.
2, 137
Suppose 0*g + 4*t = -3*g - 52, -3*t + 77 = -5*g. Let r(f) = -f**2 - 9*f + 6. Let d be r(3). Let u = g - d. What are the prime factors of u?
2, 7
Let n = 75 - 72. Suppose 127 + 118 = 2*p + 5*c, 0 = -4*p + n*c + 555. What are the prime factors of p?
3, 5
Suppose 0*y = -2*y - 8. Suppose -21 = -3*u - 51. What are the prime factors of 40/25*u/y?
2
Suppose -18 = q + 4. Let f = 3 - q. Let j = f - 11. What are the prime factors of j?
2, 7
Let r(i) = -i**3 + 8*i**2 + 10*i + 4. Let t be r(9)